) = 9 + 3*c**3 - 2*c**2 - r*c**3 - 6*c + 9*c**2. What is the remainder when 26 is divided by j(6)?
8
Let y = 66 - 39. Calculate the remainder when y is divided by 6.
3
Let z = -8 - -11. Let b be z/12 + (-363)/(-4). Let i = b + -36. What is the remainder when i is divided by 19?
17
Let g = -50 - -83. What is the remainder when g is divided by 20?
13
Calculate the remainder when 6 is divided by (-4 + 5/2)/(2/(-4)).
0
Suppose 0 = 5*z + 5*l - 490, 5*z - l - 535 = 3*l. Calculate the remainder when z is divided by 26.
25
Suppose 0 = -5*s - 0*s - 10. Calculate the remainder when 51*4/6 - s is divided by 10.
6
Let j be 2 + (1 - (-18)/2). Let p be 1/4*24/3. Suppose p*s - s = j. What is the remainder when 23 is divided by s?
11
Let r = -31 - -48. Calculate the remainder when r is divided by 10.
7
Let l = -5 + 8. Let g be l*(16/3 + -2). Suppose x - 6 = g. What is the remainder when x is divided by 9?
7
Suppose -2*v + 5*w + 2 = -4*v, 4*w = -4*v + 20. What is the remainder when 15 is divided by v?
6
Let b(o) = o**2 - 9*o + 5. Let i be b(4). What is the remainder when (-1 - 7/3)*i is divided by ((2 - 9)/21)/((-1)/51)?
16
Let m(g) be the first derivative of g**4/4 + 4*g**3/3 + g**2 + 2*g - 2. What is the remainder when 13 is divided by m(-3)?
3
Let j = 41 - 20. What is the remainder when 60 is divided by j?
18
Let y(h) be the first derivative of 2*h**3/3 - 5*h**2/2 + 3*h + 2. Calculate the remainder when y(4) is divided by ((-33)/55)/(18/20 + -1).
3
Let m(o) = o**2 + 2*o - 17. What is the remainder when m(-7) is divided by 7?
4
What is the remainder when (-230)/(-26) + (-6)/(-39) is divided by 4?
1
Let j(q) = -q**3 + 8*q**2 + 3*q - 11. Calculate the remainder when j(6) is divided by 27.
25
Let q(w) = 3*w**2 - 5*w + 37. Let y(i) = 4*i**2 - 7*i + 55. Let l(s) = -7*q(s) + 5*y(s). Calculate the remainder when 47 is divided by l(0).
15
Let w(l) = l**3 - l**2 - l + 6. What is the remainder when 79 is divided by w(3)?
16
Let s(u) = 5*u - 6. Let b be s(-12). Let d = -29 - b. Calculate the remainder when d is divided by 13.
11
Suppose i = 4*j - 12, 3*i = -4*j + 21 + 7. What is the remainder when 15 is divided by 16/(-20)*(-30)/i?
3
Let a = -11 - -16. Calculate the remainder when 14/6*(2 + 1) is divided by a.
2
Let j(p) be the first derivative of -p**3/3 - 5*p**2/2 + 6*p - 1. Let o = 17 + 0. What is the remainder when o is divided by j(-5)?
5
Let m = 38 + -18. Suppose 0 = 3*v - 2 + 11. Calculate the remainder when (2 - -57)*(v - -4) is divided by m.
19
Let w(y) = 9*y**2 + 1. Let a be w(2). Let n = a + -6. What is the remainder when n is divided by (-4)/(36/(-33))*3?
9
Let q = 68 + -51. What is the remainder when 67 is divided by q?
16
Suppose 3*z = 5*z - 220. What is the remainder when z is divided by 23?
18
Let z(w) = -2*w**3 - 2*w**2 + 2. Let b be z(-2). Suppose -18 = -4*k + b. Calculate the remainder when k is divided by 3 - ((-6)/10 - 2/5).
3
Let o(q) = -q**2 + 21*q - 32. Calculate the remainder when o(18) is divided by 7.
1
Suppose 0 = -3*i + 1 + 8. Suppose 8 + 37 = i*o. What is the remainder when 43 is divided by o?
13
Let a(m) = -4*m - 9. Calculate the remainder when a(-11) is divided by 12.
11
Let n be (40/(-1) + -3)*-1. Calculate the remainder when (1 - (1 + 4)) + n is divided by 15.
9
Suppose 0*t - 102 = 2*t. Let h = t - -88. Calculate the remainder when h is divided by 10.
7
Let f be (-18)/99 + 35/11. Suppose -4*r - 4*c + 365 = 21, -4*r + f*c + 316 = 0. Calculate the remainder when r is divided by 28.
26
Let v(t) = -32*t - 7. Calculate the remainder when v(-4) is divided by 31.
28
Let r = -18 - -16. What is the remainder when (r + -1)/(3/(-54)) is divided by 19?
16
Let v = 27 + -19. What is the remainder when (-20 + 19)/((-2)/26) is divided by v?
5
Let h = -5 + 12. Suppose y + h = 2*y. Calculate the remainder when 13 is divided by y.
6
Let b be 2*(-11)/(-2)*-1. Calculate the remainder when (1 - 2)*b + 2 is divided by 7.
6
Let w = 3 - -7. Let q(r) be the second derivative of r**4/6 + r**3 - 7*r**2/2 + 2*r. What is the remainder when q(-6) is divided by w?
9
Suppose -4*i + 71 = 5*j, -5*j + 5*i = -13 - 22. Suppose -t + 42 = t. Suppose 2*q - t = q. Calculate the remainder when q is divided by j.
10
Suppose d - 1 = 2. Suppose d*b = -2*g + 35, -4*b + g + g = -28. Calculate the remainder when 15 is divided by b.
6
Let v(u) = u + 5. Let f = 18 + -12. Let c = 14 - f. What is the remainder when v(c) is divided by 5?
3
Let j(i) = -i**3 + 5*i**2 - i. Let f be j(5). What is the remainder when 25 is divided by 192/20 + 3/f?
7
Let r(g) = 2*g. Let s be r(-1). What is the remainder when 48/3*(-1)/s is divided by 3?
2
Suppose 4*g - 3*g = 33. Let h = 24 - 15. Calculate the remainder when g is divided by h.
6
Suppose -r + 4*m = -13, 10 = -2*r - m - 3*m. Let f(y) = 12*y - 1. What is the remainder when 19 is divided by f(r)?
8
Suppose 155 - 17 = 3*a. Suppose 3*c = 4*b + 29, b - 3*b = 4*c - a. What is the remainder when 19 is divided by c?
8
Calculate the remainder when 24 is divided by (-345)/(-27) + 4/18.
11
Let g(y) = y**3 + 9*y**2 + 10*y + 2. Calculate the remainder when g(-7) is divided by 17.
13
Suppose 0 = -0*m - m + 5*y + 28, 0 = 2*m + 4*y. Suppose x - m = -2. What is the remainder when 11 is divided by x?
5
Let v(o) = -2*o**2 - 2*o. Let w(r) = -2*r**2 - r - 1. Let x(g) = -4*v(g) + 3*w(g). What is the remainder when x(3) is divided by 16?
14
Suppose 0 = 6*v - 140 - 100. What is the remainder when v is divided by 14?
12
Suppose -32 = 2*a - 4*a. What is the remainder when 58 is divided by a?
10
Let r(q) = -30*q - 16. Let i = 0 - -8. Suppose 5*a - 33 = -i. What is the remainder when r(-1) is divided by a?
4
Let s(l) = 3*l - 7. Let u be 485/55 - 2/(-11). What is the remainder when s(u) is divided by 11?
9
Suppose 206 = -0*l + 2*l - 4*m, -2*m = 3*l - 341. Calculate the remainder when l is divided by 28.
27
Let g(p) = 2*p - 5. Let z be g(4). Suppose 4*u = -5*y + 129, z*u = 8*y - 3*y - 122. Calculate the remainder when y is divided by 9.
7
Suppose 25 = q + 4*q, -5*v = 2*q - 80. Suppose 3*n + v = 4*n. Calculate the remainder when 26 is divided by n.
12
Suppose -5*r + 1 = 21, -4*x = -3*r - 96. Suppose 7 = h - 4. What is the remainder when x is divided by h?
10
Let q(r) = -7*r - 2. What is the remainder when q(-6) is divided by 18 - (-5 - -2) - (-1 + 1)?
19
Suppose 2*j - 2*x = -3*j + 133, -5*j - 4*x = -139. What is the remainder when j is divided by 4?
3
Suppose -5*s + 0*s + 32 = 3*h, 3*s = 2*h - 53. Calculate the remainder when 53 is divided by h.
15
Suppose -3*o + 26 = -2*u + 112, -3*u = 4*o - 129. What is the remainder when u is divided by 16?
11
Suppose -5*l = 3*m - 37, m + 2*l - 18 = -m. What is the remainder when 27 is divided by m?
3
Calculate the remainder when 51 is divided by (2 - 9/4) + 146/8.
15
Suppose -105 = -3*l - 2*l. What is the remainder when 41 is divided by l?
20
Let f be (-4)/3*(-63)/6. Suppose -v + 2*v - f = 0. Suppose l - 3*l + 57 = -5*j, -5*j - 16 = -l. What is the remainder when l is divided by v?
13
Let q be (-16 - 2) + (-6)/(-3). Let v = q + 28. Let n(a) = -4*a**3 + a**2 + a + 1. What is the remainder when v is divided by n(-1)?
2
Calculate the remainder when (36/(-10))/((-17)/85) is divided by 5.
3
Let f = 8 + -8. Suppose f = -0*j + 5*j - 205. What is the remainder when j is divided by 21?
20
Let p = -14 - -21. Calculate the remainder when (4 - 11)/((-1)/p) is divided by 13.
10
Suppose 2*r - 6*r + 80 = 0. What is the remainder when 59 is divided by r?
19
Let l = 20 + -14. Suppose 3*c - 81 = -3. Suppose -2*f - 75 = -5*o, 2*f + 3*f = 3*o - c. Calculate the remainder when o is divided by l.
5
Suppose 21 + 36 = 3*b. What is the remainder when 30 is divided by b?
11
Calculate the remainder when 51 is divided by 80/6 + (-6)/18.
12
Let k(o) = -2*o + 29. Let x be k(12). Suppose -g = x*g - 534. Calculate the remainder when g is divided by 23.
20
Let u = -10 + 13. Calculate the remainder when (u - 4) + 2 + 21 is divided by 12.
10
Let g(o) = -o**3 + 6*o**2 - 3*o - 4. What is the remainder when (-18 - -1)/(4 - 5) is divided by g(5)?
5
Let m = -11 - -15. Suppose -y = m*y - 275. Suppose -d - 4*d = -y. Calculate the remainder when 30 is divided by d.
8
Calculate the remainder when (104/(-130))/(1*1/(-10)) is divided by 2.
0
Suppose s - 20 = -7. Suppose q - 3 = d, 